?
6
Let j(p) = p**2 - 8*p - 51. Suppose 3 = 3*b - 3. Suppose -3*l - 40 = -i, b*i - 5*i + l = -80. Calculate the remainder when i is divided by j(-5).
11
Suppose 19 = d - 5*g, 2*g = -d - 0*g + 40. What is the remainder when 70 is divided by d?
2
Let x(s) = 48*s - 2. Calculate the remainder when x(1) is divided by 13.
7
Suppose 4 = 2*x - 0. Suppose -3*c - 4*r = -2152, 3*r + x*r - 1430 = -2*c. Calculate the remainder when 43 is divided by c/33 - 4/(-22).
21
Suppose 0 = 3*n - 9, 2*v + 2*n = 6 + 16. Suppose -v = -2*o - 4*k + 78, -k = 3*o - 119. Suppose -b + 2*b - o = 0. What is the remainder when b is divided by 14?
11
Suppose -2*v = 13*k - 177, 4*k - 18*v = -20*v + 60. Suppose -2*y = 3*l + 2*y - 23, 5*l + y - 27 = 0. Calculate the remainder when k is divided by l.
3
Let m(s) = -3*s - 2. Let x be m(-4). Suppose -z = z - x. Suppose z*v - 98 = -38. What is the remainder when 35 is divided by v?
11
Let i = 216 - 141. Suppose 4*b = -3*a + i, -7*b = -2*b + 5*a - 95. Calculate the remainder when 70 is divided by b.
16
Let b = -12 - -9. Let o be b/(-5)*(-585)/(-13). What is the remainder when 24 is divided by (-158)/(-18) + 6/o?
6
Let h(n) = -n**3 - 10*n**2 - 13*n - 18. Suppose -y + 0*y + 8 = 0. Suppose 0 = 2*m - 6 - y. What is the remainder when h(-9) is divided by m?
4
Let x(l) = 5*l + 5. Let n(d) = -d. Let w(h) = 2*n(h) + x(h). Calculate the remainder when w(6) is divided by 13.
10
Let c(x) = -113*x - 257. What is the remainder when c(-4) is divided by 11?
8
Suppose -6 = 3*t - 4*w, w = 2*t - w + 6. Let v(k) = 2*k + 27. Calculate the remainder when 72 is divided by v(t).
12
What is the remainder when ((-36)/(-30))/(2/990) is divided by 46?
42
Let a(k) = -102*k**2 + 3*k + 2. Let g be a(-1). Let b = -47 - g. Calculate the remainder when b is divided by 16.
8
Let j = -717 - -731. Suppose 0 = 3*q + 15, 3*n + q - 27 = 4*q. What is the remainder when j is divided by n?
2
Suppose m + 2*a = a + 33, -4*a + 8 = 0. Suppose -4*c + 72 - 19 = s, -4*s + 30 = 2*c. Let g = m - c. What is the remainder when 88 is divided by g?
16
Suppose 0 = -3*c - 5*b + 50, 6*b - 2*b = 5*c - 145. Suppose -13*r + 592 + 539 = 0. Let g = -80 + r. What is the remainder when c is divided by g?
4
Calculate the remainder when 101 is divided by 16*(-6)/(-4) - 6/2.
17
Suppose 3*f + 71 = 3*l - 2*l, l - 4*f - 70 = 0. What is the remainder when 515 is divided by l?
71
Suppose 76 = -3*y + 4*y + 2*i, 78 = y + i. Suppose 59*g - 478 = 525. What is the remainder when y is divided by g?
12
Let c(x) = -6*x**3 + 5*x**2 + 2*x - 7. Calculate the remainder when c(-2) is divided by 4.
1
Let p = 44 + -24. Suppose -2*o = -3*g + 127, 78*o = 75*o + 3. Calculate the remainder when g is divided by p.
3
Suppose 20*s = 22*s - 56. Calculate the remainder when 28 is divided by s.
0
Let t(v) = v**3 + 7*v**2 - v + 14. Calculate the remainder when 55 is divided by t(-7).
13
Suppose 5*u - 6*u = 5*c - 18, -2*u = 4*c - 12. Let w = 0 - 3. Calculate the remainder when w/(-3)*13 - 2 is divided by c.
3
Let m(o) = 1 - 3 - 2*o**2 + o**3 + 3*o - 2*o**3. Suppose 359 = 5*q - 2*b, 0 = 4*q + 5*b - 361 + 87. What is the remainder when q is divided by m(-4)?
17
Suppose c = 3*q + 10, -2*c + 0*c - 2*q = -12. What is the remainder when 24 + 8/((-12)/(-3)) is divided by c?
5
Let i(y) = -y**2 + 5*y - 4. Let x be i(5). Let q = x + 6. Suppose q*l - 3*t - 180 = 0, -l = -6*l - 3*t + 429. Calculate the remainder when l is divided by 22.
21
Suppose -a = -2, 0 = -b - 4*b + 5*a - 70. Suppose -m - 2*m = 5*f - 92, f - 23 = 4*m. What is the remainder when b/(-32)*-2*-100 is divided by f?
18
Let t be 1/(-4) + 88/(-32). Let l be (t - -6)/((-4)/(-4)). Suppose -10 = -2*k - 2*r, 2*k = -2*k - l*r + 24. Calculate the remainder when k is divided by 4.
1
Let f be (9/4)/(4/16). Let c = 0 + f. What is the remainder when c is divided by (1 - -2)*60/36?
4
Let j(s) = s**2 + 4*s + 3. Let d(z) = z**2 + 4*z + 2. Let g(f) = 5*d(f) - 4*j(f). Let l be g(-4). Let y = l - -28. What is the remainder when y is divided by 9?
8
Suppose 0 = -3*o + 2*z + 133, 0*o - 2*z = 5*o - 195. What is the remainder when o is divided by 18?
5
Suppose -3*y - 10 = 2*y, -d - 2*y + 1 = 0. Calculate the remainder when 26 is divided by d.
1
Suppose -t + 5*m - 13 = -59, 4*t + m - 121 = 0. What is the remainder when 55 is divided by t?
24
Let i = 51 + -25. What is the remainder when 46 is divided by i?
20
Suppose 27*l = 25*l + 122. Calculate the remainder when 362 is divided by l.
57
Let j = -9 - -26. Suppose -n + 95 = 5*y - 48, 2*n - 2*y - 226 = 0. What is the remainder when n is divided by j?
16
Suppose -3*t - 13 = -4. Let m = t + 5. Let c = m - -48. Calculate the remainder when c is divided by 13.
11
Suppose -n + 33 - 1 = -2*o, o - 83 = -4*n. Let v(a) = -3*a + 2. Calculate the remainder when n is divided by v(-2).
6
Suppose 0 = 3*d + 3*y - 123, 2*d + 3*y + 87 = 4*d. Calculate the remainder when d is divided by (-2121)/(-189) - (-8)/(-36).
9
Suppose 0 = -y - m + 55, -20*m + 15*m = -2*y + 89. Calculate the remainder when 153 is divided by y.
49
Let c = 129 - -47. Calculate the remainder when c is divided by 42.
8
Suppose 0 = 347*i - 337*i - 2400. What is the remainder when i is divided by 22?
20
Let i(g) = -g**3 - 7*g**2 + 7*g - 10. Let r be i(-7). Let x = -37 - r. Suppose 18*f + 12 = x*f. What is the remainder when f is divided by 2?
1
Suppose -12*p + 7*p + 455 = -5*x, 0 = -x - 3. What is the remainder when p is divided by (-2 - -1) + (33 - 2)?
28
Let w(x) = -x**3 + 7*x**2 - 11*x + 6. Calculate the remainder when 39 is divided by w(4).
9
Let i = -224 - -379. Suppose -3*p + y = -i, 4*y = 3*p - p - 100. What is the remainder when p is divided by (9/2 + 1)*2?
8
Let n be (-1 - -2)/((-1)/(-2)). Suppose 2*r - 16 = -n*r, 0 = 3*f - 5*r + 17. Let c(i) = i - 2. What is the remainder when c(3) is divided by f?
0
Let u(q) = 12*q + 870. What is the remainder when 418 is divided by u(-72)?
4
Calculate the remainder when 228 is divided by (-2)/(-4)*(68 + (-3 - -1)).
30
Let n(z) = -2*z**2 + 36*z + 32. Let k be n(19). Calculate the remainder when (k/4 - -2)*82 is divided by 11.
8
Suppose -3*i + c = -297, i + c - 106 = -c. What is the remainder when 280 is divided by i?
80
Let l(d) = 29*d - 349. What is the remainder when l(16) is divided by 17?
13
Let c(r) = -r + 40. Let p be c(24). Calculate the remainder when 11 is divided by 3/(-2) + 104/p.
1
Let f = 372 - 287. Suppose 0*n - 4*n + 16 = 0. Suppose f = o + n*o. Calculate the remainder when 31 is divided by o.
14
Let i be 2 - (4 + 1 - 10). Suppose k + 288 = i*k. Calculate the remainder when k is divided by 22.
4
Suppose -4*z + 3*z + 49 = 0. Let m(j) be the first derivative of -j**3/3 + 5*j**2 - 7*j + 2. What is the remainder when z is divided by m(6)?
15
Suppose -5*x = -10, -4*b + 480 = -2*x + 184. Suppose s - 191 = -5*a, 2*a + 0*s = s + b. What is the remainder when a is divided by 13?
12
Suppose 0 = d + 4*d + 15, 5*v - 2*d + 104 = 0. Let t = -10 - v. Let y(k) = -k**2 - 2*k + 21. Calculate the remainder when y(0) is divided by t.
9
Let y(a) = 1 + a - 2*a + 22. Suppose 2*n = 7 + 25. Calculate the remainder when 19 is divided by y(n).
5
Suppose 3*y + 42 = 2*u, -3*u + 4*y - 14 = -76. Calculate the remainder when 49 is divided by u.
13
Suppose 957 = 13*l + 125. Calculate the remainder when l is divided by 6.
4
Suppose 33 = 5*d + 3. Let p(x) = -x**2 + 10*x - 1. What is the remainder when 28 is divided by p(d)?
5
Suppose -2*j = -4*k + 26 + 172, -204 = -4*k - 4*j. Calculate the remainder when 648 is divided by k.
48
Suppose -4*b + 51 = q + 4*q, 5*q = -25. Suppose 4*r - 137 = -93. What is the remainder when b is divided by r?
8
Let i = -3244 - -3246. Suppose 9 = 2*h - h. Calculate the remainder when h is divided by i.
1
Let m be (-11)/3 - 2/6. Calculate the remainder when (-198)/363 - (-3483)/33 is divided by (-3)/m*(48 + 0).
33
Suppose 5 + 7 = 4*r, 0 = y - 5*r + 28. Let d(k) = -3*k - 12. What is the remainder when d(y) is divided by 16?
11
Suppose -26*l + 35*l - 153 = 0. What is the remainder when (0 - 10)*(-24)/5 is divided by l?
14
Let a = -5 + -6. Calculate the remainder when 12 is divided by -7 + 3 - a - 3.
0
Let n(y) = y**2 - 8*y + 7. Let c = -7 + 9. Suppose -4*q + 3*i - 58 = -166, -54 = -c*q + 4*i. Calculate the remainder when q is divided by n(8).
6
Let f(b) = 